5*j + 15. Give u(8).
55
Let u(h) = -2379*h**2 + 19034*h - 10. What is u(8)?
6
Let b(h) = -103*h - 52. Calculate b(4).
-464
Let q(p) = 17*p**2 + 73*p + 14. Calculate q(-4).
-6
Let w(j) = -20*j + 1735. Calculate w(84).
55
Let s(o) = -22*o**2 + 157*o - 68. Give s(6).
82
Let s(i) = i**2 + 70*i - 548. Give s(7).
-9
Let k(u) = 69*u**2 + 694*u + 44. Give k(-10).
4
Let u(o) = 39*o + 381. Calculate u(-11).
-48
Let a(c) = 115*c + 1607. Calculate a(-14).
-3
Let m(i) = i**3 + 55*i**2 + 631*i - 251. What is m(-17)?
4
Let z(m) = -103*m - 3609. Determine z(-35).
-4
Let l(s) = s**2 + 97*s - 513. What is l(5)?
-3
Let t(u) = -u**3 - 25*u**2 - 28*u. Calculate t(-24).
96
Let s(p) = 2*p**2 - 5165*p + 15473. Give s(3).
-4
Let w(j) = j**3 + 30*j**2 + 27*j - 55. Calculate w(-29).
3
Let v(c) = -c**3 + 6*c**2 - 32*c + 267. Give v(7).
-6
Let s(o) = -o**2 - 93*o - 2002. Calculate s(-40).
118
Let i(h) = 2*h**3 - 39*h**2 + 21*h + 4. What is i(19)?
42
Let y(g) = -375*g + 2234. Calculate y(6).
-16
Let x(g) = 9*g**2 - 151*g - 728. Give x(21).
70
Let k(h) = 20*h**3 + 76*h**2 - 2*h + 57. Calculate k(-4).
1
Let q(m) = -m**3 + 10*m**2 + 24*m - 14. Determine q(11).
129
Let t(m) = -m**2 + 21*m + 134. What is t(-4)?
34
Let t(s) = s**3 - 13*s**2 + 4*s + 28. What is t(13)?
80
Let j(s) = -273*s + 2373. Give j(9).
-84
Let j(h) = 583*h + 9332. Calculate j(-16).
4
Let f(l) = -7*l**3 + 393*l**2 - 66*l + 560. Calculate f(56).
0
Let c(b) = -1517*b + 51581. Determine c(34).
3
Let i(c) = -1290*c - 5121. Determine i(-4).
39
Let c(n) = 6*n**3 - 44*n**2 - 239*n - 39. What is c(11)?
-6
Let c(d) = 3*d**3 - 8*d**2 + 4*d + 15. What is c(-1)?
0
Let y(m) = -895*m + 1803. Give y(2).
13
Let k(l) = 35*l - 9. What is k(6)?
201
Let q(n) = n**2 - 76*n - 515. Give q(-6).
-23
Let u(z) = -z**3 + z**2 + 6*z + 14. Give u(0).
14
Let b(m) = -160*m + 21147. What is b(132)?
27
Let t(l) = -l**2 - 140*l - 1461. Give t(-11).
-42
Let g(a) = -a**2 + 101*a + 880. What is g(-8)?
8
Let y(s) = 9*s**2 + 249*s - 951. Calculate y(-31).
-21
Let u(m) = m**3 + m**2 - 31*m + 54. Determine u(2).
4
Let c(n) = -n**3 + 8*n**2 - 12*n - 22. What is c(7)?
-57
Let a(s) = -2*s**3 - 114*s**2 + 5*s + 133. Give a(-57).
-152
Let u(p) = -10734*p + 64406. Determine u(6).
2
Let r(l) = -12*l**2 + 212*l + 79. Calculate r(18).
7
Let j(b) = 5*b**2 + 204*b - 143. Give j(-41).
-102
Let l(o) = -13*o - 1046. Determine l(-80).
-6
Let t(p) = -41*p - 5. Calculate t(-10).
405
Let y(t) = 123*t + 2324. Give y(-19).
-13
Let s(z) = 4*z - 74. What is s(-12)?
-122
Let z(o) = 29*o**2 + 30*o + 90. Calculate z(-3).
261
Let j(r) = -1912*r - 26773. Calculate j(-14).
-5
Let h(m) = -6*m - 110. Calculate h(-19).
4
Let s(k) = k**3 - 44*k**2 + 147*k. Determine s(40).
-520
Let b(i) = -43*i + 770. Give b(17).
39
Let t(k) = k**2 + 261*k + 5603. Calculate t(-23).
129
Let t(z) = -z**2 - 89*z - 335. What is t(-85)?
5
Let x(m) = -2*m**2 - 131*m + 1040. Give x(-73).
-55
Let j(m) = -4*m**2 - 46*m - 118. Determine j(-8).
-6
Let o(m) = -m + 46. Calculate o(-16).
62
Let k(r) = -1521*r + 10625. What is k(7)?
-22
Let m(o) = 15*o**2 - 170*o + 44. What is m(10)?
-156
Let z(p) = -3*p**3 - 19*p**2 - 3*p - 5. Determine z(-7).
114
Let k(y) = 98*y**2 + 638*y + 306. Calculate k(-6).
6
Let p(k) = -96*k - 81. Calculate p(-1).
15
Let l(q) = -1765*q - 17. Calculate l(0).
-17
Let s(w) = -10*w**2 + 88*w - 56. Give s(5).
134
Let z(r) = r**2 - 8*r - 30. Calculate z(12).
18
Let q(c) = c**2 + 60*c - 2104. Determine q(-85).
21
Let z(p) = -408*p + 408. What is z(1)?
0
Let q(r) = 5*r**2 + 40*r - 43. Determine q(-9).
2
Let s(n) = 2*n**3 + 35*n**2 - 17*n - 41. What is s(-18)?
-59
Let d(u) = 6*u**2 - 10*u + 29. What is d(5)?
129
Let i(k) = 358*k - 655. Determine i(2).
61
Let s(r) = 5*r + 126. Give s(-18).
36
Let s(y) = -5194*y + 41550. Calculate s(8).
-2
Let f(c) = -54*c**2 - 591*c + 29. What is f(-11)?
-4
Let b(w) = 7*w - 108. Determine b(20).
32
Let g(k) = -k**3 - 31*k**2 + 21*k - 335. Calculate g(-32).
17
Let g(a) = 50*a + 72. Determine g(-2).
-28
Let i(s) = -20*s**2 - 231*s - 32. Give i(-11).
89
Let q(u) = -29*u**2 - 27*u - 98. Calculate q(-5).
-688
Let a(z) = 6961*z - 153138. What is a(22)?
4
Let m(h) = 3*h - 49. Give m(-15).
-94
Let t(v) = 791*v - 7904. Calculate t(10).
6
Let y(x) = -124*x - 615. Give y(-7).
253
Let j(w) = 619*w + 11757. Calculate j(-19).
-4
Let g(t) = -t**3 - 43*t**2 - 60*t - 142. Calculate g(-42).
614
Let d(r) = 3*r**3 + 190*r**2 + 61*r - 132. Calculate d(-63).
-6
Let x(n) = n**2 - 9*n + 20. Determine x(-7).
132
Let g(d) = 7*d**2 - 9*d + 18. Give g(4).
94
Let s(k) = -k**2 - 90*k + 354. Calculate s(4).
-22
Let h(n) = 8*n**2 - 234*n + 261. What is h(28)?
-19
Let s(u) = u**2 + 33*u - 84. Determine s(-32).
-116
Let g(w) = -1608*w - 9652. Calculate g(-6).
-4
Let l(c) = 118*c - 1257. Determine l(9).
-195
Let r(s) = 192*s + 17465. Give r(-91).
-7
Let t(a) = 998*a + 61878. Calculate t(-62).
2
Let s(o) = -192*o - 1837. Give s(-9).
-109
Let i(x) = -3*x - 118. Give i(-31).
-25
Let w(v) = -3*v**2 + 16*v - 4. Determine w(3).
17
Let c(o) = -2*o**3 - 6*o**2 + 305*o + 1500. Calculate c(-5).
75
Let t(a) = 6*a**3 - 14*a**2 + 14*a - 96. Determine t(5).
374
Let r(y) = 39*y + 3935. What is r(-101)?
-4
Let n(h) = -2*h**2 - 92*h - 1. Give n(-46).
-1
Let t(u) = -u**3 - 14*u**2 - 44*u + 5. Calculate t(-6).
-19
Let p(f) = -f**2 - 5*f - 9. Give p(-9).
-45
Let s(o) = 430*o + 1819. Determine s(-5).
-331
Let p(q) = q**3 + 19*q**2 - 97*q - 110. What is p(-23)?
5
Let q(d) = -d**3 + 18*d**2 - 79*d - 16. Determine q(10).
-6
Let t(a) = -41*a**2 - 178*a - 140. What is t(-3)?
25
Let g(i) = -i**3 - 34*i**2 + 67*i - 212. Calculate g(-36).
-32
Let g(h) = -90*h - 28. Give g(-2).
152
Let h(j) = 269*j - 60252. Calculate h(224).
4
Let c(u) = -2*u**3 - 52*u**2 + 630*u - 7. Determine c(9).
-7
Let m(a) = 1125*a - 3393. Determine m(3).
-18
Let n(l) = 33*l - 2240. Calculate n(68).
4
Let q(v) = 160*v + 3663. Determine q(-23).
-17
Let y(s) = -44*s - 1071. What is y(-24)?
-15
Let b(y) = -4*y**2 - 388*y - 390. Calculate b(-1).
-6
Let z(g) = -2*g**3 + 111*g**2 + 296*g - 351. Determine z(58).
-3
Let f(m) = m**3 + 18*m**2 + 107*m + 939. What is f(-15)?
9
Let l(f) = f**3 + 5*f**2 + 2*f + 7. Calculate l(-4).
15
Let x(z) = z**2 - 17*z + 50. Determine x(5).
-10
Let s(k) = -2*k**2 - 48*k - 396. Determine s(-13).
-110
Let k(m) = 169*m - 659. What is k(4)?
17
Let o(k) = -2*k**2 - 136*k + 884. Calculate o(-74).
-4
Let u(o) = 9*o + 63. Determine u(-9).
-18
Let d(c) = -c**2 + 2048*c + 43451. Determine d(-21).
2
Let y(c) = -5*c**3 + 34*c**2 - 54*c + 18. Give y(4).
26
Let m(k) = k**2 - 25*k - 705. Determine m(39).
-159
Let t(b) = -2406*b + 24063. Determine t(10).
3
Let h(d) = -d**3 + 15*d**2 + 112*d - 1567. Determine h(15).
113
Let t(f) = -2*f**2 - 60*f - 61. Calculate t(-29).
-3
Let w(f) = -5746*f + 11495. Calculate w(2).
3
Let x(w) = -104*w + 1112. Calculate x(11).
-32
Let u(m) = 421*m + 2521. Calculate u(-6).
-5
Let c(k) = 234*k - 33706. Calculate c(144).
-10
Let i(c) = -2*c**2 + 120*c + 1631. Give i(71).
69
Let w(c) = -93*c - 297. What is w(0)?
-297
Let v(n) = 2*n**2 - 786*n + 3904. What is v(5)?
24
Let k(a) = 2*a**3 - a**2 - 2*a + 12. Calculate k(0).
12
Let s(h) = h**3 + 196*h**2 - 1439*h - 3653. Calculate s(-203).
1
Let q(w) = 46*w - 683. Give q(28).
605
Let p(z) = -2*z**3 + 15*z**2 + 16*z + 75. Calculate p(9).
-24
Let p(d) = d**2 + 97*d - 9. What is p(0)?
-9
Let d(u) = -2113*u - 19010. Calculate d(-9).
7
Let s(p) = 19*p + 1480. Calculate s(-94).
-306
Let s(j) = 9*j**2 + 83*j - 7. Calculate s(-9).
-25
Let i(j) = -j**2 - 8*j + 202. Give i(12).
-38
Let h(x) = 3*x**2 - 53*x + 35. Determine h(22).
321
Let c(m) = 93*m**2 + 10047*m + 329. What is c(-108)?
5
Let n(q) = 14*q**3 + 2*q**2 + 14*q + 51. Calculate n(-3).
-351
Let u(c) = c**3 + c**2 - 111*c - 1. What is u(9)?
-190
Let i(j) = 2*j**3 + 170*j**2 + 165*j - 257. Determine i(-84).
-5
Let a(o) = 3*o**2 - 25*o + 43. Calculate a(5).
-7
Let r(n) = 456*n - 24583. Give r(54).
41
Let t(n) = 1473*n - 13266. Calculate t(9).
-9
Let l(r) = -6*r - 35. What is l(10)?
-95
Let x(p) = -5*p**2 + 7*p + 6. Determine x(-1).
-6
Let f(k) = 111*k + 341. Determine f(-3).
8
Let j(b) = -820*b + 17331. Give j(21).
111
Let g(w) = w**2 + 39*w - 396. What is g(-46)?
-74
Let f(b) = b**2 - 22*b - 329. Give f(-10).
-9
Let l(b) = 